9
Calculate the highest common divisor of 3760 and 5380.
20
What is the highest common divisor of 159794 and 654?
218
Calculate the greatest common divisor of 360878 and 42.
14
Calculate the highest common factor of 278 and 3664040.
278
What is the greatest common divisor of 2475 and 6820?
55
What is the greatest common divisor of 2756 and 4680?
52
What is the highest common factor of 48 and 538336?
16
What is the greatest common factor of 6104 and 168?
56
What is the greatest common factor of 2164638 and 42?
42
What is the greatest common factor of 26 and 991?
1
Calculate the highest common divisor of 34356 and 231.
21
Calculate the highest common factor of 9282 and 2366.
182
What is the greatest common divisor of 307 and 346603?
307
Calculate the greatest common divisor of 358 and 63545.
179
What is the highest common factor of 380 and 41500?
20
Calculate the greatest common factor of 53 and 475357.
53
Calculate the greatest common divisor of 363032 and 46.
46
Calculate the highest common factor of 1830 and 162.
6
What is the highest common divisor of 7674 and 699?
3
Calculate the greatest common divisor of 18 and 123534.
18
What is the greatest common factor of 104619 and 129?
129
What is the greatest common factor of 15762 and 36?
6
Calculate the highest common factor of 3796998 and 38.
38
What is the greatest common factor of 10324 and 3827?
89
What is the greatest common factor of 340 and 31365?
85
Calculate the highest common divisor of 1710170 and 770.
770
Calculate the greatest common divisor of 139780 and 58.
58
What is the greatest common factor of 2 and 203214?
2
What is the highest common divisor of 2977 and 8244?
229
What is the highest common divisor of 412174 and 826?
826
What is the highest common divisor of 789 and 674595?
789
What is the highest common divisor of 59215 and 325?
65
What is the greatest common divisor of 25840 and 679915?
1615
What is the highest common divisor of 13791337 and 749?
749
What is the greatest common factor of 795 and 93545?
265
Calculate the greatest common factor of 26692 and 122.
2
Calculate the highest common factor of 276 and 65343.
69
Calculate the highest common divisor of 101937 and 396.
33
What is the greatest common divisor of 25 and 341?
1
What is the highest common divisor of 34 and 29818?
34
Calculate the greatest common factor of 672 and 3339.
21
Calculate the highest common divisor of 150 and 42050.
50
What is the greatest common factor of 44 and 176176?
44
What is the greatest common divisor of 1032951 and 279?
93
Calculate the greatest common divisor of 11022 and 1291578.
1002
What is the highest common divisor of 1324876 and 28?
28
Calculate the greatest common factor of 860 and 21810.
10
Calculate the highest common factor of 6891 and 75.
3
What is the highest common factor of 196830 and 60?
30
What is the highest common divisor of 1950 and 25974?
78
What is the greatest common factor of 242 and 1581470?
242
Calculate the greatest common divisor of 115 and 11240.
5
Calculate the greatest common divisor of 67 and 6231.
67
Calculate the highest common factor of 223 and 144504.
223
Calculate the greatest common factor of 423 and 646203.
141
Calculate the highest common factor of 154 and 24878.
14
Calculate the greatest common factor of 20218 and 943813.
919
What is the highest common divisor of 414 and 702?
18
Calculate the highest common factor of 8433288 and 432.
216
What is the highest common factor of 240 and 16512?
48
What is the greatest common factor of 14826 and 1425767?
2471
What is the greatest common divisor of 18 and 84?
6
Calculate the greatest common divisor of 2144 and 2921200.
1072
Calculate the greatest common factor of 492 and 66379.
41
Calculate the greatest common divisor of 1242486 and 2646.
378
Calculate the greatest common divisor of 291 and 947787.
291
What is the greatest common factor of 341 and 23839?
31
What is the highest common divisor of 10944 and 1881?
171
Calculate the highest common factor of 196176 and 268.
268
Calculate the greatest common divisor of 1724 and 4741.
431
Calculate the greatest common factor of 276744 and 312.
312
Calculate the highest common divisor of 770 and 45925.
55
What is the greatest common divisor of 72 and 10413?
9
What is the highest common divisor of 1051633 and 11?
11
Calculate the greatest common factor of 301 and 4949.
7
Calculate the greatest common factor of 15 and 20765.
5
What is the highest common divisor of 77 and 519904?
77
Calculate the greatest common factor of 3534 and 11742.
114
What is the highest common divisor of 8190 and 1378?
26
What is the greatest common factor of 5 and 488555?
5
What is the highest common factor of 22082 and 183?
61
What is the greatest common divisor of 6840 and 5225?
95
Calculate the highest common divisor of 564 and 570909.
141
Calculate the highest common factor of 15786 and 1746.
18
Calculate the highest common factor of 736 and 476330.
46
What is the highest common divisor of 32807 and 212936?
619
What is the greatest common divisor of 54 and 24102?
18
What is the highest common factor of 59433 and 99?
33
Calculate the highest common divisor of 202 and 6824267.
101
Calculate the highest common divisor of 44 and 3259.
1
What is the highest common divisor of 19050 and 560?
10
Calculate the highest common factor of 361945 and 3247.
191
Calculate the greatest common factor of 519 and 737499.
519
What is the greatest common divisor of 31939 and 38?
19
What is the highest common divisor of 334550 and 1700?
50
Calculate the greatest common factor of 777 and 131091.
111
Calculate the greatest common factor of 1875 and 64875.
375
Calculate the highest common factor of 96569 and 11.
11
Calculate the greatest common factor of 1994140 and 20.
20
What is the highest common factor of 264665 and 1849?
43
What is the highest common factor of 541746 and 18?
18
What is the greatest common factor of 257740 and 350?
70
Calculate the greatest common factor of 1764382 and 844.
422
What is the greatest common factor of 106 and 1132981?
53
Calculate the greatest common divisor of 665792 and 1717.
101
Calculate the greatest common factor of 80 and 68176.
16
What is the highest common factor of 529430 and 990?
110
Calculate the greatest common divisor of 36 and 557376.
12
Calculate the greatest common divisor of 26896 and 10865.
41
Calculate the highest common divisor of 142305 and 3975.
795
What is the greatest common factor of 80006 and 10246?
218
What is the highest common factor of 16794 and 22081?
311
Calculate the highest common factor of 54808 and 1105.
221
What is the greatest common divisor of 27557 and 17?
17
Calculate the greatest common divisor of 623934 and 1530.
306
What is the greatest common divisor of 658 and 210?
14
Calculate the greatest common factor of 177 and 149860.
59
Calculate the highest common divisor of 195775 and 11275.
1025
Calculate the highest common factor of 370 and 26131990.
370
What is the greatest common factor of 2911 and 3321?
41
Calculate the greatest common factor of 822 and 206733.
411
Calculate the greatest common factor of 58 and 181163.
29
What is the greatest common divisor of 118348 and 8?
4
Calculate the highest common divisor of 9 and 70353.
9
What is the highest common divisor of 118535 and 40?
5
What is the highest common divisor of 8028 and 20232?
36
What is the highest common divisor of 37 and 1477040?
37
Calculate the greatest common factor of 6144 and 148224.
768
What is the highest common divisor of 35 and 15155?
35
Calculate the highest common factor of 3211 and 7.
1
What is the greatest common factor of 137325 and 150?
75
Calculate the greatest common factor of 22185 and 3480.
435
Calculate the highest common divisor of 20884 and 1150.
46
What is the greatest common divisor of 28385 and 35?
35
What is the highest common factor of 1196352 and 279?
279
What is the highest common factor of 2979 and 36?
9
Calculate the highest common factor of 31980 and 24375.
195
What is the highest common factor of 21890 and 55?
55
Calculate the highest common divisor of 210580 and 100.
20
Calculate the highest common divisor of 224 and 1424192.
224
Calculate the greatest common divisor of 3597 and 2134.
11
What is the highest common divisor of 99 and 15?
3
W